1/2*a**2 - 3*a. Give s(5).
-8
Let o(j) = j**3 + 9*j**2 + 9*j + 8. Let w be o(-8). Let z(u) = 4*u**2 - 6*u**2 - 4 + 3*u**2. Give z(w).
-4
Let j be 1 - 0 - (-24)/6. Let a(i) be the third derivative of 0*i**4 + 1/120*i**6 - 1/15*i**j + 0*i + 0 + 1/2*i**3 + 2*i**2. Give a(4).
3
Let i(r) = -2*r**2 + r - 1. Let k be i(1). Let t(y) = -y + 10. Let p(j) = 3*j - 30. Let g(d) = k*p(d) - 7*t(d). Let w be (1 + -1)*(-1 + 0). Give g(w).
-10
Let a(z) = -3*z**2 - 8*z - 1. Let v(m) = -m**2 - m + 1. Let l(i) = -a(i) + 2*v(i). Give l(-4).
-5
Let t(s) be the first derivative of 0*s - 1/360*s**6 - s**3 - 1/6*s**4 + 1/60*s**5 + 3 + 0*s**2. Let m(n) be the third derivative of t(n). Calculate m(3).
-7
Let r(m) = m**2 + 5*m + 4. Let o be r(-4). Suppose 7*c - 2*c = o. Suppose c*j + 20 = -4*j. Let h(i) = -i**3 - 4*i**2 + 7*i + 7. Calculate h(j).
-3
Suppose -j + 3 = 1. Let w(n) = 3*n**2 + 2. Determine w(j).
14
Let f(i) = -5*i - 3. Let n(x) = x**3 - 7*x**2 - 9*x + 6. Let k be n(8). Calculate f(k).
7
Suppose -3*v - 7 = -5*x - 5, 4*x - 5*v = -1. Let o(u) = 7*u + 1. Calculate o(x).
8
Let h(n) = -4*n**2 + n. Let w(o) = -3*o**2 + o. Let u(q) = 4*h(q) - 5*w(q). Let p be 1/(4/8 + 0). Determine u(p).
-6
Let v(t) = -4*t + 5. Let w(c) = c - 1. Let j(n) = v(n) + 2*w(n). Determine j(4).
-5
Let v(o) = o. Let g(m) = 4*m - 7. Let t(a) = -g(a) + 2*v(a). Let y be t(5). Let j = y - -1. Let h(b) = -b**3 - 2*b**2 + b + 2. Determine h(j).
0
Let h(u) = -u**3 - 3*u**2 - u - 1. Let d(t) = -t**3 - 3*t**2 - 2*t - 1. Let f(k) = 2*d(k) - 3*h(k). Let m = 4 - -2. Let q = -8 + m. Give f(q).
7
Let x be ((-2)/(-3))/((-4)/(-6)). Let i(p) = -p**2 + 1. Let z(s) = -4*s**2 + s - 2. Let k(n) = -2*i(n) - z(n). Give k(x).
5
Let y(k) = -k**2 + 4. Let b(l) = -l**2 - l + 5. Let j(a) = -4*b(a) + 5*y(a). Let z = 7 + -4. Calculate j(z).
3
Let r(f) be the second derivative of f**3/2 + 3*f**2 - 9*f. Let g = -4 - 0. What is r(g)?
-6
Suppose -36 = 3*i + 3*i. Let u(s) = s**3 + 6*s**2 - s - 3. What is u(i)?
3
Let u(i) = -4*i**2 - 9. Let p(v) be the second derivative of v**4/12 + v**2/2 + 3*v. Let c(r) = 5*p(r) + u(r). Determine c(3).
5
Let p(f) = -f + 1. Let t be 30/8 - 2/(-8). Let g = t - 6. Let z be 1/((-2)/g) + -4. Calculate p(z).
4
Let m(a) = -a + 4. Suppose -4 = -4*l + 12. Determine m(l).
0
Let k(s) = s + 1. Let n be k(1). Let v(f) = 5*f**3 - 2*f**2 - 3*f**2 - f**2 + 5*f**n. Give v(1).
4
Let m(o) be the first derivative of -3*o**2/2 + 7*o - 18. What is m(5)?
-8
Let v(x) = -x - 4. Let s be v(-7). Let h(a) be the second derivative of -a**3/3 + 2*a**2 - 2*a. Give h(s).
-2
Let c(p) = 28*p - 7. Let b(h) = -13*h + 3. Let q(n) = -7*b(n) - 3*c(n). Suppose 5*l + 4 = -1. Determine q(l).
-7
Let f = 149 + -153. Let r(q) = q + 6. Determine r(f).
2
Let q(v) = -4*v - 6. Let f be q(-4). Let z be 4/6 - f/(-3). Suppose 0 = -4*w - 3*r + 2*r + z, -3*r = 12. Let c(l) = l**2. Determine c(w).
4
Let d be (-46)/(-14) + (-6)/21. Let h be ((-4)/1)/(-2 + 1). Let g(i) = -5*i - 2*i + 2 - h + 10*i. What is g(d)?
7
Let k(f) = -5*f + 236 - 237 + f. Determine k(-2).
7
Let p(m) be the third derivative of -4*m**2 + 0*m**3 + 0 - 1/60*m**5 + 1/6*m**4 + 0*m. Determine p(2).
4
Suppose m + c - 2 = -c, 5*m - 5*c = 10. Let j(l) = -l**3 + l**2 + 2*l - 1. What is j(m)?
-1
Let t(o) be the third derivative of -o**6/120 + 2*o**5/15 - 7*o**4/24 - o**3/2 - 11*o**2. Calculate t(7).
-3
Suppose -6*n + 5 = -1. Let r(y) be the second derivative of -4*y**5/5 - y**4/12 + y**3/6 - y**2/2 - 2*y. What is r(n)?
-17
Let j(i) = 2*i**2 - 5*i - 3. Let a be (-2)/(-12)*3*-2. Let s be a - ((-1 - -3) + -7). What is j(s)?
9
Suppose 0 = 3*x + x + 4. Let q(k) = k**2. Calculate q(x).
1
Suppose 4 + 0 = m + x, 4*m - x - 21 = 0. Let o(f) = -9*f**2 - 23*f + 2. Let y(n) = 5*n**2 + 12*n - 1. Let w(k) = 6*o(k) + 11*y(k). Give w(m).
-4
Let z(o) = -o + 1. Let a(f) = -f**3 - 7*f**2 + 3*f - 15. Let m(d) = -a(d) - 5*z(d). Let l be -14*((-18)/4)/(-9). Calculate m(l).
-4
Let k(g) = g**2 + 7*g + 5. Let l = -1 - -3. Let j(y) = -y + y + 1 + y + y**3 + y**l. Let h be j(-2). Determine k(h).
-5
Let d = -4 - -5. Let j(r) = 9*r + 4 - d - 2. Give j(-1).
-8
Suppose 0 = -2*g - 4*t - 2, -2*g = -0*g + 3*t. Let d(b) = b + 1. Determine d(g).
4
Let a(p) = -p**3 + 3*p**2 + 4*p + 2. Let l be (-41)/13 + (-4)/(-26). Let z be (l - 1)*(1 - 2). Determine a(z).
2
Let d = -9 + 14. Let i = 2 - 1. Let m(j) = 4*j + 2*j - j**2 - j + 0*j**2 - i. What is m(d)?
-1
Suppose -5*w + 0 = -25. Let p(j) be the third derivative of 1/3*j**3 + 0 + 1/120*j**6 + 0*j + 4*j**2 - 1/15*j**5 - 1/4*j**4. Calculate p(w).
-3
Let q be 1 + -3 + (2 - 5). Let u be (q/15)/((-1)/18). Let p(b) = -2*b + 9. Give p(u).
-3
Let p(l) be the first derivative of 2*l**3 + l**2/2 - 4*l - 4. Let m(n) be the second derivative of n**2/2 + 3*n. Let u(k) = -4*m(k) - p(k). What is u(-1)?
-5
Let w(y) = -7*y + 1 + 0*y + 6*y. Let d(s) = 4*s + 3. Let o(q) = -d(q) + w(q). Let r be 4/26 - 84/39. Calculate o(r).
8
Let n(d) = -2*d + 6. Let k(f) = f**3 + 2*f**2 - 9*f + 3. Let a be k(-4). Calculate n(a).
-8
Let p(r) = 104 - 105 - 2*r + r. Determine p(-6).
5
Let o(b) = -2*b - 8. Suppose 5 = t + 3*x - 3, 0 = 4*t - 4*x + 48. Calculate o(t).
6
Let v(a) = -7*a. Let k(h) = 20*h. Let t(j) = 5*k(j) + 14*v(j). Let z = -7 + 11. What is t(z)?
8
Let i(n) = n**3 + 5*n**2 + n + 6. Let c = 159 + -164. What is i(c)?
1
Let i(v) = -4*v - 2. Suppose -4*s + 3*s - 2 = 0. Give i(s).
6
Let g(j) = j + 7. Let a(z) = -3*z + 3. Let y be a(3). Let v be g(y). Let r(p) be the first derivative of p**4 + p**2 - p + 1. Calculate r(v).
5
Let p be (-4)/6 + (-26)/(-3). Let g = p + -6. Let j(o) = g - 9*o**3 - 3 + 1. Give j(1).
-9
Let c(s) = -2*s**3 + 3*s**2 - 2*s + 1. Suppose 4*f = p + 6, 2 = 3*p - f - 2. Let h(d) = -d**2 + 4*d - 2. Let n be h(p). Give c(n).
-7
Let y(c) = 2*c - 5. Suppose 0 + 20 = 5*q. Suppose 2*a - 5 = 4*a + 5*b, 3*b + 3 = 0. Let u = a + q. What is y(u)?
3
Let t(i) = -3*i**2 + 2*i + 1. Let h(d) = -d**2 - d + 1. Let p(b) = 2*h(b) - t(b). Determine p(3).
-2
Let s(w) = 6*w - 7. Let l(t) = t - 3 + 2*t + 0. Suppose 3*u = 2*o + 17 - 0, 0 = 3*u + 4*o - 47. Let p(d) = u*l(d) - 4*s(d). What is p(1)?
4
Let y(k) be the first derivative of -k**2 + k - 20. Calculate y(2).
-3
Let g(p) be the first derivative of -p**3/3 + 3*p**2 - p + 23. Determine g(7).
-8
Suppose 8 = -5*u - 27. Let b(a) = a**3 + 7*a**2 - a + 1. Calculate b(u).
8
Let p = 2 - -5. Let q(o) be the third derivative of o**4/24 - o**3 - 18*o**2. Give q(p).
1
Let q(s) = s + 1. Let r(u) = -u**3 - u**2 - 7*u - 2. Let p(w) = w - 8. Let m be p(7). Let o(n) = m*r(n) - 6*q(n). What is o(0)?
-4
Let p = -2 - 0. Let t(y) = -2*y**3 + 6*y**2 - 8*y + 8. Let f(n) = -n**2 + n - 1. Let j(l) = -8*f(l) - t(l). Calculate j(p).
-8
Let x = 39 + -36. Let u(f) = 5*f. Give u(x).
15
Let q = 22 + -15. Let a(r) = r**3 - 7*r**2 + 2. Calculate a(q).
2
Suppose -31 + 6 = -5*s. Let w = 2 - s. Let n(k) = -k**3 - 2*k - 2. Let g(f) = f**2 - f - 1. Let d(m) = w*g(m) + n(m). Calculate d(-3).
-2
Let h(l) = l**2 - 5*l + 10. Let f(k) = k**2 - 5*k + 11. Let m(w) = 4*f(w) - 5*h(w). Let v be m(4). Let u(a) = a - 2. What is u(v)?
-4
Let b be 2 + (-22)/(-4)*-2. Let t be b/(-12)*4 + -7. Let d(j) = j**3 + 4*j**2 - 4. Let i be d(t). Let x(n) = -n - 3. Give x(i).
1
Suppose -4*q + 7*q = -3*n + 9, 5*n + q + 1 = 0. Let p be (-1)/(2/n)*4. Let m(i) = -5 - 6*i + p*i + i. What is m(-4)?
7
Let s(o) = -3*o - 5. Suppose -6*k - 21 = -3*k. Let p = k + 3. Calculate s(p).
7
Let w(p) = -3*p**2 + 2*p**3 + 4*p**2 - p**3 - 4*p. Let j be 4/(-10) - 4/(-10). Let d(y) = -y**2 + y - 3. Let i be d(j). Determine w(i).
-6
Let v(i) = -i - 23*i**2 + 2 - i**3 - 23*i**2 + 76*i**2 - 26*i**2. Calculate v(3).
8
Let f be -14*1/8*4. Let q = 12 + f. Let j = q + -2. Let u(t) = t**2 - 3*t - 3. Determine u(j).
-3
Let y(q) be the first derivative of q**4/4 - q**3 - 2*q**2 + q + 45. What is y(4)?
1
Suppose -4 = -6*p + 5*p - 2*d, 3*p + d = 17. Let l be 0 + p*3/6. Let x(r) = l + 2 + 0 - 4 - r. Give x(-1).
2
Let d(n) = 6*n**2 - 1. Suppose -4*j + 5*j + 2*r + 6 = 0, -j - 5*r - 18 = 0. Suppose 5 = -3*w - v, -j*w + 4 = 2*v - 5*v. Calculate d(w).
5
Let t(s) = 7*s**3 + 2*s**2 - 2*s - 8. Suppose 2*n - 6*n = -12. Let d(b) = 3*b**2 - 3*b**n + 4 + 0*b + b - 4*b**2. Let c(i) = -9*d(i) - 4*t(i). Calculate c(0).
-4
Let q(l) = 2*l - 179*l**2 - 3*l + 184*l**2 -